294?
True
Is 18 a factor of 1986?
False
Does 89 divide 28747?
True
Is 101 a factor of 4184?
False
Does 7 divide 67105?
False
Does 23 divide 11868?
True
Is 30 a factor of 13140?
True
Is 989 a multiple of 30?
False
Is 4923 a multiple of 9?
True
Is 37 a factor of 407?
True
Does 154 divide 2926?
True
Does 25 divide 13425?
True
Is 45880 a multiple of 155?
True
Is 2 a factor of 471?
False
Is 12349 a multiple of 97?
False
Is 19 a factor of 8702?
True
Is 8699 a multiple of 59?
False
Does 9 divide 1026?
True
Is 84165 a multiple of 31?
True
Does 11 divide 8779?
False
Is 6 a factor of 9977?
False
Is 34 a factor of 1322?
False
Does 8 divide 70?
False
Is 797 a multiple of 12?
False
Is 59 a factor of 14160?
True
Does 222 divide 29052?
False
Is 1044 a multiple of 6?
True
Does 6 divide 3522?
True
Is 3818 a multiple of 46?
True
Is 281 a multiple of 40?
False
Is 96 a multiple of 24?
True
Is 7533 a multiple of 7?
False
Does 23 divide 1541?
True
Does 2 divide 51?
False
Does 8 divide 96?
True
Is 8 a factor of 696?
True
Does 38 divide 646?
True
Is 63 a factor of 21798?
True
Is 18 a factor of 4565?
False
Is 9 a factor of 653?
False
Does 6 divide 4008?
True
Does 78 divide 2652?
True
Is 848 a multiple of 8?
True
Does 93 divide 279?
True
Does 12 divide 8763?
False
Is 57 a factor of 6213?
True
Does 75 divide 815?
False
Is 7 a factor of 517?
False
Is 63 a factor of 223?
False
Is 6612 a multiple of 116?
True
Is 6 a factor of 492?
True
Is 113568 a multiple of 336?
True
Is 4 a factor of 1564?
True
Is 4 a factor of 33?
False
Does 15 divide 701?
False
Is 347 a multiple of 35?
False
Does 30 divide 2673?
False
Is 384 a multiple of 128?
True
Does 2 divide 91?
False
Is 612 a multiple of 36?
True
Is 270 a multiple of 10?
True
Does 25 divide 682?
False
Is 17675 a multiple of 31?
False
Is 7 a factor of 826?
True
Is 15 a factor of 1680?
True
Does 165 divide 4585?
False
Is 86 a factor of 516?
True
Does 18 divide 884?
False
Is 6510 a multiple of 10?
True
Is 570 a multiple of 43?
False
Is 5 a factor of 1239?
False
Is 38 a factor of 18770?
False
Does 11 divide 5400?
False
Is 11 a factor of 704?
True
Does 13 divide 1365?
True
Is 26481 a multiple of 91?
True
Is 35518 a multiple of 14?
True
Is 72 a factor of 2794?
False
Is 72 a multiple of 3?
True
Is 114046 a multiple of 449?
True
Is 1007 a multiple of 53?
True
Is 45 a factor of 18720?
True
Does 6 divide 357?
False
Does 30 divide 2094?
False
Is 67521 a multiple of 78?
False
Does 23 divide 3144?
False
Does 78 divide 290?
False
Is 148 a multiple of 37?
True
Does 5 divide 28115?
True
Does 13 divide 2594?
False
Is 1129 a multiple of 4?
False
Is 5 a factor of 670?
True
Is 660 a multiple of 20?
True
Is 28806 a multiple of 49?
False
Is 3 a factor of 253?
False
Does 73 divide 949?
True
Does 23 divide 6229?
False
Does 26 divide 1831?
False
Is 5 a factor of 236?
False
Is 296 a multiple of 6?
False
Is 15478 a multiple of 12?
False
Is 4 a factor of 6420?
True
Is 8 a factor of 6453?
False
Is 26 a factor of 27274?
True
Does 12 divide 3048?
True
Is 35 a factor of 56289?
False
Is 1506 a multiple of 18?
False
Does 13 divide 403?
True
Is 7242 a multiple of 34?
True
Is 180 a multiple of 5?
True
Is 461 a multiple of 24?
False
Is 44 a factor of 836?
True
Is 4 a factor of 11685?
False
Is 32291 a multiple of 49?
True
Is 1770 a multiple of 59?
True
Does 20 divide 18658?
False
Does 58 divide 638?
True
Is 173 a multiple of 2?
False
Does 16 divide 1195?
False
Does 7 divide 931?
True
Does 19 divide 304?
True
Is 38 a factor of 6402?
False
Does 36 divide 897?
False
Is 66 a factor of 1738?
False
Does 209 divide 132506?
True
Does 37 divide 11840?
True
Is 90 a factor of 160707?
False
Is 10835 a multiple of 11?
True
Does 2 divide 86?
True
Does 126 divide 28501?
False
Does 11 divide 31864?
False
Is 1125 a multiple of 15?
True
Is 13 a factor of 3006?
False
Is 27 a factor of 12312?
True
Is 15052 a multiple of 14?
False
Is 135 even?
False
Is 1456 a multiple of 8?
True
Does 62 divide 7502?
True
Does 60 divide 960?
True
Is 104280 a multiple of 440?
True
Is 9376 a multiple of 16?
True
Does 72 divide 3962?
False
Does 30 divide 1230?
True
Is 13 a factor of 583?
False
Is 39 a factor of 182?
False
Is 3980 a multiple of 54?
False
Is 33 a factor of 429?
True
Is 42 a factor of 12306?
True
Does 43 divide 2345?
False
Does 17 divide 20587?
True
Is 3883 a multiple of 73?
False
Is 64713 a multiple of 37?
True
Is 46 a factor of 98?
False
Does 26 divide 374?
False
Does 65 divide 48655?
False
Is 882 a multiple of 13?
False
Is 3780 a multiple of 21?
True
Is 3858 a multiple of 13?
False
Does 41 divide 1189?
True
Is 5885 a multiple of 13?
False
Does 28 divide 30324?
True
Is 2008 a multiple of 11?
False
Does 16 divide 1506?
False
Is 906 a multiple of 22?
False
Is 9982 a multiple of 46?
True
Does 179 divide 10226?
False
Is 1584 a multiple of 16?
True
Is 9 a factor of 671?
False
Is 24 a factor of 864?
True
Does 14 divide 107711?
False
Is 723 a multiple of 3?
True
Is 12 a factor of 96?
True
Does 30 divide 77603?
False
Does 139 divide 53654?
True
Is 144 a multiple of 72?
True
Does 3 divide 716?
False
Is 3962 a multiple of 14?
True
Does 50 divide 50?
True
Is 697 a multiple of 40?
False
Is 21109 even?
False
Is 99 a multiple of 20?
False
Is 7018 a multiple of 59?
False
Is 9472 a multiple of 148?
True
Is 32043 a multiple of 8?
False
Is 443 a multiple of 5?
False
Does 68 divide 9579?
False
Is 828 a multiple of 13?
False
Is 838 a multiple of 13?
False
Does 17 divide 850?
True
Is 5390 a multiple of 110?
True
Does 21 divide 792?
False
Does 39 divide 654?
False
Is 39 a factor of 2964?
True
Is 1409 a multiple of 111?
False
Does 7 divide 2059?
False
Is 34 a factor of 1394?
True
Is 83 a factor of 8480?
False
Does 21 divide 14749?
False
Is 5296 a multiple of 9?
False
Is 43 a factor of 1496?
False
Does 23 divide 115?
True
Is 21 a factor of 1109?
False
Is 9 a multiple of 3?
True
Does 14 divide 17508?
False
Is 510 a multiple of 15?
True
Is 2155 a multiple of 56?
False
Does 185 divide 36554?
False
Does 11 divide 16848?
False
Does 34 divide 12002?
True
Is 1050 a multiple of 14?
True
Does 84 divide 3360?
True
Is 23360 a multiple of 40?
True
Does 30 divide 18090?
True
Does 10 divide 33993?
False
Is 26049 a multiple of 19?
True
Is 9 a factor of 4097?
False
Does 52 divide 638?
False
Is 18 a factor of 324?
True
Is 28633 a multiple of 88?
False
Is 124 a factor of 22568?
True
Is 80 a factor of 2640?
True
Is 37 a factor of 1030?
False
Is 42 a factor of 21052?
False
Does 22 divide 60685?
False
Is 89 a factor of 1316?
False
Is 3 a factor of 450?
True
Is 21420 a multiple of 252?
True
Is 12 a factor of 7955?
False
Is 30 a factor of 6210?
True
Is 8 a factor of 4624?
True
Does 21 divide 52563?
True
Is 17 a factor of 1487?
False
Does 16 divide 30976?
True
Does 6 divide 828?
True
Does 19 divide 18619?
False
Does 7 divide 3724?
True
Is 405 even?
False
Does 115 divide 10465?
True
Does 42 divide 462?
True
Is 196 a multiple of 7?
True
Is 14432 a multiple of 11?
True
Is 5994 a multiple of 32?
False
Does 251 divide 2510?
True
Is 54 a factor of 804?
False
Is 35 a factor of 3465?
True
Does 463 divide 15749?
False
Is 342 a multiple of 5?
False
Is 1511 a multiple of 15?
False
Is 16 a factor of 464?
True
Does 37 divide 5550?
True
Does 10 divide 170?
True
Is 206 a factor of 5224?
False
Is 49 a factor of 1176?
True
Is 442 a factor of 53040?
True
Is 65 a factor of 8247?
False
Is 15 a factor of 7725?
True
Does 118 divide 34456?
True
Does 17 divide 1377?
True
Does 30 divide 1724?
False
Does 32 divide 4995?
False
Does 25 divide 1297?
False
Is 57 a factor of 16267?
False
Does 31 divide 1767?
True
Is 22 a factor of 2413?
False
Does 126 divide 29076?
False
Is 33312 a multiple of 96?
True
Is 1379 a multiple of 103?
False
Is 17 a factor of 892?
False
Does 12 divide 6240?
True
Is 115 a factor of 45843?
False
Is 18 a factor of 486?
True
Is 11 a factor of 9388?
False
Does 40 divide 1421?
False
Does 12 divide 72?
True
Is 2937 a multiple of 121?
False
Is 10 a factor of 53553?
False
Does 2 divide 87?
False
Is 11 a factor of 1001?
True
Is 7 a factor of 833?
True
Is 14 a factor of 871?
False
Does 18 divide 391?
False
Is 250 a multiple of 25?
True
Is 43 a factor of 42968?
False
Does 8 divide 450?
False
Does 50 divide 3100?
True
Is 50 a factor of 2640?
False
Does